8.
2, 7549, 19051
List the prime factors of 1027835720.
2, 5, 25695893
What are the prime factors of 548777874?
2, 3, 19, 4813841
List the prime factors of 9864774.
2, 3, 182681
What are the prime factors of 74725356?
2, 3, 6227113
List the prime factors of 155308237.
7, 59, 376049
What are the prime factors of 142332615?
3, 5, 3162947
List the prime factors of 2291218485.
3, 5, 23, 2213, 3001
List the prime factors of 70640076.
2, 3, 13, 452821
What are the prime factors of 14670871?
14670871
List the prime factors of 4529904290.
2, 5, 452990429
What are the prime factors of 88283109?
3, 29427703
List the prime factors of 183385285.
5, 36677057
List the prime factors of 398738406.
2, 3, 11, 6041491
List the prime factors of 533535428.
2, 19, 311, 22573
List the prime factors of 18450061.
7, 29, 90887
What are the prime factors of 30847314?
2, 3, 5141219
What are the prime factors of 764980761?
3, 223, 1143469
List the prime factors of 355097191.
53, 6699947
What are the prime factors of 96197666?
2, 48098833
What are the prime factors of 762570134?
2, 311, 1225997
List the prime factors of 271009029.
3, 90336343
What are the prime factors of 21948781?
19, 113, 10223
What are the prime factors of 288478360?
2, 5, 199, 36241
List the prime factors of 89448495.
3, 5, 23, 259271
What are the prime factors of 186711430?
2, 5, 577, 32359
List the prime factors of 1083740575.
5, 43349623
What are the prime factors of 43068835?
5, 311, 27697
What are the prime factors of 41944782?
2, 3, 11, 635527
List the prime factors of 751283716.
2, 1523, 123323
List the prime factors of 22599748.
2, 37, 311, 491
List the prime factors of 5909121314.
2, 23, 163, 788093
What are the prime factors of 2116558779?
3, 705519593
What are the prime factors of 216526654?
2, 17, 6368431
List the prime factors of 3946179340.
2, 5, 197308967
List the prime factors of 22239865.
5, 31, 143483
List the prime factors of 587602051.
587602051
What are the prime factors of 44748225?
3, 5, 23, 8647
What are the prime factors of 121700849?
29, 4196581
What are the prime factors of 4136983855?
5, 24109, 34319
What are the prime factors of 34934790?
2, 3, 5, 11, 105863
List the prime factors of 16321305.
3, 5, 7, 11, 13, 1087
List the prime factors of 20918051.
7, 11, 197
List the prime factors of 462102678.
2, 3, 31, 276047
What are the prime factors of 3174647138?
2, 13, 37, 41, 80489
List the prime factors of 312381673.
73, 4279201
What are the prime factors of 520148629?
7, 11, 13, 97, 487
What are the prime factors of 2469374029?
43, 157, 365779
List the prime factors of 230306800.
2, 5, 107, 5381
What are the prime factors of 60827700?
2, 3, 5, 17, 11927
What are the prime factors of 418388554?
2, 601, 348077
List the prime factors of 73334872.
2, 13, 17, 41479
What are the prime factors of 38614669?
19, 2032351
What are the prime factors of 9113533213?
17, 1753, 17989
What are the prime factors of 49655710?
2, 5, 13, 67, 5701
List the prime factors of 7471977986.
2, 11, 339635363
List the prime factors of 4198888.
2, 31, 16931
What are the prime factors of 77394885?
3, 5, 19, 23, 11807
List the prime factors of 13426535.
5, 43, 197, 317
What are the prime factors of 1914883394?
2, 127, 1861, 4051
What are the prime factors of 15224179?
15224179
What are the prime factors of 6644401?
23, 307, 941
List the prime factors of 1058095550.
2, 5, 21161911
What are the prime factors of 230913742?
2, 115456871
List the prime factors of 2027408880.
2, 3, 5, 7, 1206791
List the prime factors of 818575813.
11, 467, 159349
What are the prime factors of 25190478?
2, 3, 1399471
What are the prime factors of 309408631?
7, 44201233
What are the prime factors of 22139103?
3, 7, 1054243
What are the prime factors of 67676593?
67676593
List the prime factors of 47304043.
47, 1006469
List the prime factors of 78274667.
78274667
List the prime factors of 2146504055.
5, 211, 227, 8963
What are the prime factors of 415486373?
719, 577867
List the prime factors of 2339277.
3, 419, 1861
List the prime factors of 4358498418.
2, 3, 14717, 16453
What are the prime factors of 96274342?
2, 48137171
List the prime factors of 711164122.
2, 355582061
List the prime factors of 40682474.
2, 7, 2905891
What are the prime factors of 547215440?
2, 5, 1123, 6091
What are the prime factors of 136753362?
2, 3, 47, 109, 1483
What are the prime factors of 94429155?
3, 5, 6295277
What are the prime factors of 2850939041?
71, 151, 265921
What are the prime factors of 4850572827?
3, 947, 1707347
List the prime factors of 1733138874.
2, 3, 281, 342653
List the prime factors of 60507023.
1063, 56921
List the prime factors of 988312574.
2, 3011, 164117
What are the prime factors of 105914664?
2, 3, 19, 139, 557
What are the prime factors of 586297979?
199, 2946221
What are the prime factors of 65491813?
37, 463, 3823
List the prime factors of 93897103.
17, 5523359
What are the prime factors of 586278742?
2, 7, 41877053
What are the prime factors of 103438828?
2, 37, 53, 13187
What are the prime factors of 4483002255?
3, 5, 17, 367, 47903
What are the prime factors of 84407177?
19, 4442483
What are the prime factors of 4225464922?
2, 7, 277, 155657
What are the prime factors of 96766393?
53, 1825781
List the prime factors of 32782289.
173, 189493
What are the prime factors of 1002759644?
2, 37, 183119
List the prime factors of 96125402.
2, 41, 1172261
List the prime factors of 1158459014.
2, 151, 3835957
What are the prime factors of 4466988?
2, 3, 17, 811
What are the prime factors of 824155835?
5, 17, 1637, 5923
List the prime factors of 1041787679.
1041787679
What are the prime factors of 327998091?
3, 29, 3770093
What are the prime factors of 3767516388?
2, 3, 593, 19609
What are the prime factors of 122099947?
19, 29, 107, 109
List the prime factors of 25161268.
2, 11, 571847
What are the prime factors of 7813127?
7, 409, 2729
What are the prime factors of 1333609949?
7, 190515707
List the prime factors of 115186240.
2, 5, 13, 27689
List the prime factors of 2367246360.
2, 3, 5, 179, 191, 577
What are the prime factors of 44432594?
2, 17, 76873
List the prime factors of 2049202.
2, 71, 14431
List the prime factors of 1399844400.
2, 3, 5, 23, 67, 757
What are the prime factors of 234474733?
234474733
What are the prime factors of 26191025?
5, 7, 19, 7877
What are the prime factors of 638123466?
2, 3, 349, 304739
List the prime factors of 103089685.
5, 107, 233, 827
What are the prime factors of 887758586?
2, 11, 13, 53, 58567
List the prime factors of 34607966.
2, 31, 227, 2459
What are the prime factors of 474151097?
7, 17, 569209
What are the prime factors of 1302034444?
2, 7561, 43051
What are the prime factors of 193007236?
2, 997, 48397
List the prime factors of 887285160.
2, 3, 5, 29, 37, 2297
List the prime factors of 426103760.
2, 5, 2237, 2381
What are the prime factors of 10685609?
11, 971419
List the prime factors of 595788761.
71, 599, 14009
List the prime factors of 145666314.
2, 3, 23, 351851
List the prime factors of 21214984.
2, 7, 59, 6421
What are the prime factors of 690790314?
2, 3, 8293, 13883
What are the prime factors of 636119706?
2, 3, 347, 305533
List the prime factors of 2234719308.
2, 3, 109, 821, 2081
List the prime factors of 1682376081.
3, 560792027
What are the prime factors of 19420704?
2, 3, 67433
What are the prime factors of 528979046?
2, 264489523
What are the prime factors of 59441136?
2, 3, 31, 43, 929
List the prime factors of 322270080.
2, 3, 5, 11, 15259
What are the prime factors of 4687721738?
2, 7, 334837267
List the prime factors of 343763462.
2, 7, 683, 35951
List the prime factors of 580375593.
3, 7, 101, 197, 463
What are the prime factors of 2672313578?
2, 11, 8923, 13613
List the prime factors of 202350530.
2, 5, 59, 5813
List the prime factors of 765691604.
2, 191422901
What are the prime factors of 2834660955?
3, 5, 7, 127, 212573
What are the prime factors of 15462966?
2, 3, 37, 69653
List the prime factors of 976435982.
2, 607, 804313
List the prime factors of 94907814.
2, 3, 15817969
List the prime factors of 1727291825.
5, 7, 67, 179, 823
List the prime factors of 71386169.
71, 1005439
List the prime factors of 52431115.
5, 11, 79, 1097
List the prime factors of 1